{"id":1244,"date":"2024-03-01T22:52:41","date_gmt":"2024-03-01T20:52:41","guid":{"rendered":"https:\/\/winzerhof-strebel.de\/catalog\/?post_type=product&#038;p=1244"},"modified":"2026-02-25T10:39:50","modified_gmt":"2026-02-25T08:39:50","slug":"2025-blanc-de-noir-schwarzriesling-becksteiner-kirchberg-075l","status":"publish","type":"product","link":"https:\/\/winzerhof-strebel.de\/catalog\/?product=2025-blanc-de-noir-schwarzriesling-becksteiner-kirchberg-075l","title":{"rendered":"2025 BLANC DE NOIR, Schwarzriesling,  Becksteiner Kirchberg,  0,75l"},"content":{"rendered":"<p>Der Integrierte &#8211; Wei\u00dfer Wein aus Roten Schwarzriesling Trauben<\/p>\n<p>Brilliant leuchtende Farbe.<\/p>\n<p>W\u00fcrzige Nase gepaart mit sch\u00f6ner Frische am Gaumen. Erinnert etwas an R\u00e4ucherspeck.<\/p>\n<p>Tolle, \u00a0sehr Typische Schwarzriesling Aromatik mit einem Touch von Muschelkalk-Mineralik<\/p>\n<p>Extrem Facettenreich und \u00a0vollmundig.<\/p>\n<p>Idealer Essensbegleiter zu w\u00fcrzigen, kr\u00e4ftigeren Speisen. Vielseitiger Trinkgenuss<\/p>\n<p>&nbsp;<\/p>\n<p><strong>Alkohol: 12,0 % vol, S\u00e4ure: 5,9 g\/l, Restzucker: 6,3<\/strong><strong>\u00a0g\/l<\/strong><\/p>\n<table border=\"0\" width=\"'60%'\" cellspacing=\"0\" cellpadding=\"0\" align=\"'left'\">\n<tbody>\n<tr>\n<td>Inhalt<\/td>\n<td><strong>0,75 Ltr.<\/strong><\/td>\n<\/tr>\n<tr align=\"LEFT\">\n<td>Preis\/Ltr.<\/td>\n<td><strong>12,00 EUR pro Ltr.<\/strong><\/td>\n<\/tr>\n<tr>\n<td>Weinart:<\/td>\n<td><strong>Wei\u00dfwein<\/strong><\/td>\n<\/tr>\n<tr>\n<td>Qualit\u00e4tsstufe<\/td>\n<td><strong>QbA<\/strong><\/td>\n<\/tr>\n<tr>\n<td>Rebsorte<\/td>\n<td><strong>Blanc de Noir, <\/strong>Schwarzriesling<\/td>\n<\/tr>\n<\/tbody>\n<\/table>\n<table style=\"height: 50px\" border=\"0\" width=\"487\" cellspacing=\"0\" cellpadding=\"0\" align=\"'left'\">\n<tbody>\n<tr>\n<td>Bio:<br \/>\n<strong>NEIN<\/strong><\/td>\n<td><\/td>\n<td>vegan:<br \/>\n<strong>NEIN<\/strong><\/td>\n<td><\/td>\n<td>Ursprungsland:<br \/>\n<strong>Deutschland<\/strong><\/td>\n<td>enth\u00e4lt Allergene:<br \/>\n<strong>Sulfite<\/strong><\/td>\n<td><\/td>\n<td><\/td>\n<\/tr>\n<\/tbody>\n<\/table>\n","protected":false},"excerpt":{"rendered":"<p>Der Integrierte &#8211; Wei\u00dfer Wein aus Roten Schwarzriesling Trauben Brilliant leuchtende Farbe. W\u00fcrzige Nase gepaart mit sch\u00f6ner Frische am Gaumen. Erinnert etwas an R\u00e4ucherspeck. Tolle, \u00a0sehr Typische Schwarzriesling Aromatik mit einem Touch von Muschelkalk-Mineralik Extrem Facettenreich und \u00a0vollmundig. Idealer Essensbegleiter zu w\u00fcrzigen, kr\u00e4ftigeren Speisen. Vielseitiger Trinkgenuss &nbsp; Alkohol: 12,0 % vol, S\u00e4ure: 5,9 g\/l, Restzucker: [&hellip;]<\/p>\n","protected":false},"featured_media":1584,"comment_status":"closed","ping_status":"closed","template":"","meta":[],"product_cat":[23],"product_tag":[60,45,42],"_links":{"self":[{"href":"https:\/\/winzerhof-strebel.de\/catalog\/index.php?rest_route=\/wp\/v2\/product\/1244"}],"collection":[{"href":"https:\/\/winzerhof-strebel.de\/catalog\/index.php?rest_route=\/wp\/v2\/product"}],"about":[{"href":"https:\/\/winzerhof-strebel.de\/catalog\/index.php?rest_route=\/wp\/v2\/types\/product"}],"replies":[{"embeddable":true,"href":"https:\/\/winzerhof-strebel.de\/catalog\/index.php?rest_route=%2Fwp%2Fv2%2Fcomments&post=1244"}],"wp:featuredmedia":[{"embeddable":true,"href":"https:\/\/winzerhof-strebel.de\/catalog\/index.php?rest_route=\/wp\/v2\/media\/1584"}],"wp:attachment":[{"href":"https:\/\/winzerhof-strebel.de\/catalog\/index.php?rest_route=%2Fwp%2Fv2%2Fmedia&parent=1244"}],"wp:term":[{"taxonomy":"product_cat","embeddable":true,"href":"https:\/\/winzerhof-strebel.de\/catalog\/index.php?rest_route=%2Fwp%2Fv2%2Fproduct_cat&post=1244"},{"taxonomy":"product_tag","embeddable":true,"href":"https:\/\/winzerhof-strebel.de\/catalog\/index.php?rest_route=%2Fwp%2Fv2%2Fproduct_tag&post=1244"}],"curies":[{"name":"wp","href":"https:\/\/api.w.org\/{rel}","templated":true}]}}