{"id":1246,"date":"2024-03-01T22:56:01","date_gmt":"2024-03-01T20:56:01","guid":{"rendered":"https:\/\/winzerhof-strebel.de\/catalog\/?post_type=product&#038;p=1246"},"modified":"2026-02-25T10:37:17","modified_gmt":"2026-02-25T08:37:17","slug":"2025-der-boden-die-sonne-und-wir-riesling-trocken-becksteiner-kirchberg-075l","status":"publish","type":"product","link":"https:\/\/winzerhof-strebel.de\/catalog\/?product=2025-der-boden-die-sonne-und-wir-riesling-trocken-becksteiner-kirchberg-075l","title":{"rendered":"2025 &#8222;Der Boden, die Sonne und WIR, RIESLING trocken,  Becksteiner Kirchberg  0,75l"},"content":{"rendered":"<p>Ein Riesling von Reben im besten Alter aus einer Parade-Steillage direkt in Beckstein.<br \/>\nAuf dem kargen Muschelkalkboden der diesem Wein seine wunderbare Mineralik verleiht haben wir w\u00e4hrend den Handarbeiten im Weinberg im Juli Werte von bis zu 50\u00b0C gemessen.<br \/>\nDieser Sommer \u2013 gespeichert von den vielen Steinen des einzigartigen kargen Muschelkalkgesteins hier bei uns im Taubertal wurde von uns mit viel Leidenschaft und Herzblut in diesem gro\u00dfen Riesling eingefangen. DER BODEN \u2013 DIE SONNE \u2013 UND WIR .<br \/>\nDieses harmonische Zusammenspiel spiegelt sich in diesem Wein.<br \/>\nSein extrem facettenreicher Geruch findet sich im Geschmack wieder, die unterst\u00fctzende Mineralik vom Muschelkalk verleiht diesem Wein seine fast unendliche Finesse. Die enorme Dichte und Konzentration der Aromen pr\u00e4gen diesen Wein und sein au\u00dfergew\u00f6hnliches Potential mit seinem unverwechselbaren Profil.<br \/>\nRiesling f\u00fcr h\u00f6chsten Trinkgenuss.<\/p>\n<p><strong>Alkohol: 12,5 % vol, S\u00e4ure: 6,9 g\/l, Restzucker: 7,6 g\/l<\/strong><\/p>\n<table border=\"0\" width=\"'60%'\" cellspacing=\"0\" cellpadding=\"0\" align=\"'left'\">\n<tbody>\n<tr>\n<td>Inhalt<\/td>\n<td><strong>0,75 Ltr.<\/strong><\/td>\n<\/tr>\n<tr align=\"LEFT\">\n<td>Preis\/Ltr.<\/td>\n<td><strong>13,33 EUR pro Ltr.<\/strong><\/td>\n<\/tr>\n<tr>\n<td>Weinart:<\/td>\n<td><strong>Wei\u00dfwein<\/strong><\/td>\n<\/tr>\n<tr>\n<td>Qualit\u00e4tsstufe<\/td>\n<td><strong>QbA<\/strong><\/td>\n<\/tr>\n<tr>\n<td>Rebsorte<\/td>\n<td><b>Riesling<\/b><\/td>\n<\/tr>\n<\/tbody>\n<\/table>\n<table style=\"height: 50px\" border=\"0\" width=\"487\" cellspacing=\"0\" cellpadding=\"0\" align=\"'left'\">\n<tbody>\n<tr>\n<td>Bio:<br \/>\n<strong>NEIN<\/strong><\/td>\n<td><\/td>\n<td>vegan:<br \/>\n<strong>NEIN<\/strong><\/td>\n<td><\/td>\n<td>Ursprungsland:<br \/>\n<strong>Deutschland<\/strong><\/td>\n<td>enth\u00e4lt Allergene:<br \/>\n<strong>Sulfite<\/strong><\/td>\n<td><\/td>\n<td><\/td>\n<\/tr>\n<\/tbody>\n<\/table>\n","protected":false},"excerpt":{"rendered":"<p>Ein Riesling von Reben im besten Alter aus einer Parade-Steillage direkt in Beckstein. Auf dem kargen Muschelkalkboden der diesem Wein seine wunderbare Mineralik verleiht haben wir w\u00e4hrend den Handarbeiten im Weinberg im Juli Werte von bis zu 50\u00b0C gemessen. Dieser Sommer \u2013 gespeichert von den vielen Steinen des einzigartigen kargen Muschelkalkgesteins hier bei uns im [&hellip;]<\/p>\n","protected":false},"featured_media":969,"comment_status":"closed","ping_status":"closed","template":"","meta":[],"product_cat":[23],"product_tag":[79,45,42],"_links":{"self":[{"href":"https:\/\/winzerhof-strebel.de\/catalog\/index.php?rest_route=\/wp\/v2\/product\/1246"}],"collection":[{"href":"https:\/\/winzerhof-strebel.de\/catalog\/index.php?rest_route=\/wp\/v2\/product"}],"about":[{"href":"https:\/\/winzerhof-strebel.de\/catalog\/index.php?rest_route=\/wp\/v2\/types\/product"}],"replies":[{"embeddable":true,"href":"https:\/\/winzerhof-strebel.de\/catalog\/index.php?rest_route=%2Fwp%2Fv2%2Fcomments&post=1246"}],"wp:featuredmedia":[{"embeddable":true,"href":"https:\/\/winzerhof-strebel.de\/catalog\/index.php?rest_route=\/wp\/v2\/media\/969"}],"wp:attachment":[{"href":"https:\/\/winzerhof-strebel.de\/catalog\/index.php?rest_route=%2Fwp%2Fv2%2Fmedia&parent=1246"}],"wp:term":[{"taxonomy":"product_cat","embeddable":true,"href":"https:\/\/winzerhof-strebel.de\/catalog\/index.php?rest_route=%2Fwp%2Fv2%2Fproduct_cat&post=1246"},{"taxonomy":"product_tag","embeddable":true,"href":"https:\/\/winzerhof-strebel.de\/catalog\/index.php?rest_route=%2Fwp%2Fv2%2Fproduct_tag&post=1246"}],"curies":[{"name":"wp","href":"https:\/\/api.w.org\/{rel}","templated":true}]}}