{"id":1289,"date":"2024-05-02T11:00:29","date_gmt":"2024-05-02T09:00:29","guid":{"rendered":"https:\/\/winzerhof-strebel.de\/catalog\/?post_type=product&#038;p=1289"},"modified":"2024-06-03T09:21:11","modified_gmt":"2024-06-03T07:21:11","slug":"reben-rebstoecke-zu-kaufen-im-12er-versandkarton","status":"publish","type":"product","link":"https:\/\/winzerhof-strebel.de\/catalog\/?product=reben-rebstoecke-zu-kaufen-im-12er-versandkarton","title":{"rendered":"DEKO: Reben \/ Rebst\u00f6cke zu kaufen im 12er Versandkarton"},"content":{"rendered":"<p>Wir m\u00f6chten euch z.B. f\u00fcr Deko Zwecke unsere gerodeten Reben zum Verkauf anbieten.<\/p>\n<p>Hier bekommt ihr sie im 12er Versandkarton zu euch nach Hause geschickt.<\/p>\n","protected":false},"excerpt":{"rendered":"<p>Wir m\u00f6chten euch z.B. f\u00fcr Deko Zwecke unsere gerodeten Reben zum Verkauf anbieten. Hier bekommt ihr sie im 12er Versandkarton zu euch nach Hause geschickt.<\/p>\n","protected":false},"featured_media":1288,"comment_status":"closed","ping_status":"closed","template":"","meta":[],"product_cat":[70],"product_tag":[],"_links":{"self":[{"href":"https:\/\/winzerhof-strebel.de\/catalog\/index.php?rest_route=\/wp\/v2\/product\/1289"}],"collection":[{"href":"https:\/\/winzerhof-strebel.de\/catalog\/index.php?rest_route=\/wp\/v2\/product"}],"about":[{"href":"https:\/\/winzerhof-strebel.de\/catalog\/index.php?rest_route=\/wp\/v2\/types\/product"}],"replies":[{"embeddable":true,"href":"https:\/\/winzerhof-strebel.de\/catalog\/index.php?rest_route=%2Fwp%2Fv2%2Fcomments&post=1289"}],"wp:featuredmedia":[{"embeddable":true,"href":"https:\/\/winzerhof-strebel.de\/catalog\/index.php?rest_route=\/wp\/v2\/media\/1288"}],"wp:attachment":[{"href":"https:\/\/winzerhof-strebel.de\/catalog\/index.php?rest_route=%2Fwp%2Fv2%2Fmedia&parent=1289"}],"wp:term":[{"taxonomy":"product_cat","embeddable":true,"href":"https:\/\/winzerhof-strebel.de\/catalog\/index.php?rest_route=%2Fwp%2Fv2%2Fproduct_cat&post=1289"},{"taxonomy":"product_tag","embeddable":true,"href":"https:\/\/winzerhof-strebel.de\/catalog\/index.php?rest_route=%2Fwp%2Fv2%2Fproduct_tag&post=1289"}],"curies":[{"name":"wp","href":"https:\/\/api.w.org\/{rel}","templated":true}]}}