{"id":41,"date":"2015-04-17T09:28:01","date_gmt":"2015-04-17T07:28:01","guid":{"rendered":"http:\/\/winzerhof-strebel.de\/catalog\/?product=artikel-nr-2052011er-kreuznacher-liebfrauenberg-silvaner-tafelwein-trocken-10l"},"modified":"2026-02-25T10:51:35","modified_gmt":"2026-02-25T08:51:35","slug":"artikel-nr-2052011er-kreuznacher-liebfrauenberg-silvaner-tafelwein-trocken-10l","status":"publish","type":"product","link":"https:\/\/winzerhof-strebel.de\/catalog\/?product=artikel-nr-2052011er-kreuznacher-liebfrauenberg-silvaner-tafelwein-trocken-10l","title":{"rendered":"2024 Grauer Burgunder trocken Marbacher Frankenberg  0,75l"},"content":{"rendered":"<p>Der Filigran &#8211; Elegante<\/p>\n<p>Sehr mineralischer Wein \u2013 typischer, tauberfr\u00e4nkischer Grauburgunder auf Muschelkalk gewachsen \u2013 sehr Bodengepr\u00e4gt mit brillanter Burgunderaromatik<\/p>\n<p>Harmonisch dezente S\u00fc\u00dfe mit herzhafter S\u00e4ure \u2013 trocken ausgebaut<\/p>\n<p>Ansprechender Melonen und Birnenduft<\/p>\n<p>Moderne \u2013 schlanke Stilistik, extrem frisch<\/p>\n<p>Optimaler Tischwein zu Fisch und hellem Fleisch<\/p>\n<p><strong>Alkohol: 13,0 % vol, S\u00e4ure: 6,2 g\/l, Restzucker: 3,0 g\/l<\/strong><\/p>\n<table border=\"0\" width=\"'60%'\" cellspacing=\"0\" cellpadding=\"0\" align=\"'left'\">\n<tbody>\n<tr>\n<td>Inhalt<\/td>\n<td><strong>0,75 Ltr.<\/strong><\/td>\n<\/tr>\n<tr align=\"LEFT\">\n<td>Preis\/Ltr.<\/td>\n<td><strong>12,67 EUR pro Ltr.<\/strong><\/td>\n<\/tr>\n<tr>\n<td>Weinart:<\/td>\n<td><strong>Wei\u00dfwein<\/strong><\/td>\n<\/tr>\n<tr>\n<td>Qualit\u00e4tsstufe<\/td>\n<td><strong>QbA<\/strong><\/td>\n<\/tr>\n<tr>\n<td>Rebsorte<\/td>\n<td><strong>Grauer Burgunder<\/strong><\/td>\n<\/tr>\n<\/tbody>\n<\/table>\n<p>&nbsp;<\/p>\n<table style=\"height: 50px\" border=\"0\" width=\"487\" cellspacing=\"0\" cellpadding=\"0\" align=\"'left'\">\n<tbody>\n<tr>\n<td>Bio:<br \/>\n<strong>NEIN<\/strong><\/td>\n<td><\/td>\n<td>vegan:<br \/>\n<strong>NEIN<\/strong><\/td>\n<td><\/td>\n<td>Ursprungsland:<br \/>\n<strong>Deutschland<\/strong><\/td>\n<td>enth\u00e4lt Allergene:<br \/>\n<strong>Sulfite<\/strong><\/td>\n<td><\/td>\n<td><\/td>\n<\/tr>\n<\/tbody>\n<\/table>\n","protected":false},"excerpt":{"rendered":"<p>Der Filigran &#8211; Elegante Sehr mineralischer Wein \u2013 typischer, tauberfr\u00e4nkischer Grauburgunder auf Muschelkalk gewachsen \u2013 sehr Bodengepr\u00e4gt mit brillanter Burgunderaromatik Harmonisch dezente S\u00fc\u00dfe mit herzhafter S\u00e4ure \u2013 trocken ausgebaut Ansprechender Melonen und Birnenduft Moderne \u2013 schlanke Stilistik, extrem frisch Optimaler Tischwein zu Fisch und hellem Fleisch Alkohol: 13,0 % vol, S\u00e4ure: 6,2 g\/l, Restzucker: 3,0 [&hellip;]<\/p>\n","protected":false},"featured_media":1589,"comment_status":"open","ping_status":"closed","template":"","meta":[],"product_cat":[23],"product_tag":[51,39,45,42],"_links":{"self":[{"href":"https:\/\/winzerhof-strebel.de\/catalog\/index.php?rest_route=\/wp\/v2\/product\/41"}],"collection":[{"href":"https:\/\/winzerhof-strebel.de\/catalog\/index.php?rest_route=\/wp\/v2\/product"}],"about":[{"href":"https:\/\/winzerhof-strebel.de\/catalog\/index.php?rest_route=\/wp\/v2\/types\/product"}],"replies":[{"embeddable":true,"href":"https:\/\/winzerhof-strebel.de\/catalog\/index.php?rest_route=%2Fwp%2Fv2%2Fcomments&post=41"}],"wp:featuredmedia":[{"embeddable":true,"href":"https:\/\/winzerhof-strebel.de\/catalog\/index.php?rest_route=\/wp\/v2\/media\/1589"}],"wp:attachment":[{"href":"https:\/\/winzerhof-strebel.de\/catalog\/index.php?rest_route=%2Fwp%2Fv2%2Fmedia&parent=41"}],"wp:term":[{"taxonomy":"product_cat","embeddable":true,"href":"https:\/\/winzerhof-strebel.de\/catalog\/index.php?rest_route=%2Fwp%2Fv2%2Fproduct_cat&post=41"},{"taxonomy":"product_tag","embeddable":true,"href":"https:\/\/winzerhof-strebel.de\/catalog\/index.php?rest_route=%2Fwp%2Fv2%2Fproduct_tag&post=41"}],"curies":[{"name":"wp","href":"https:\/\/api.w.org\/{rel}","templated":true}]}}